{"id":57,"date":"2021-01-30T12:18:59","date_gmt":"2021-01-30T11:18:59","guid":{"rendered":"http:\/\/192.168.178.65\/wordpress\/?page_id=57"},"modified":"2026-03-06T22:42:43","modified_gmt":"2026-03-06T21:42:43","slug":"termine","status":"publish","type":"page","link":"https:\/\/arnodell.hopto.org\/wordpress\/index.php\/termine\/","title":{"rendered":"Termine"},"content":{"rendered":"\n<p class=\"has-medium-font-size\"><\/p>\n\n\n\n<p>16. <strong>M\u00e4rz 2026<\/strong> 20:00h<\/p>\n\n\n\n<p>Wien Burgtheater<br>Stefan Zweig: Brennendes Geheimnis<br>mit Klaus Maria Brandauer<\/p>\n\n\n\n<p><a href=\"https:\/\/arnodell.hopto.org\/wordpress\/index.php\/2026\/02\/11\/brennendes-geheimnis-lesung-klaus-maria-brandauer\/\" data-type=\"post\" data-id=\"327\">mehr dazu<\/a><\/p>\n\n\n\n<p>8. <strong>M\u00e4rz 2026<\/strong> 16:00h<\/p>\n\n\n\n<p>Berlin Kirche zum Heilsbronnen<br>Fr\u00fchling &#8211; Fr\u00fchlingssonate<br>Beethoven Violinsonate op. 24<br>mit Giulia Bellingeri<\/p>\n\n\n\n<p>7. <strong>M\u00e4rz 2026<\/strong> 19:00h<\/p>\n\n\n\n<p>Berlin St. Matth\u00e4uskirche<br>Fr\u00fchling &#8211; Fr\u00fchlingssonate<br>Beethoven Violinsonate op. 24<br>mit Giulia Bellingeri<\/p>\n\n\n\n<p>28. <strong>Februar 2026<\/strong> 19:00h<\/p>\n\n\n\n<p>Berlin Johanniskirche<br>Fr\u00fchling &#8211; Fr\u00fchlingssonate<br>Beethoven Violinsonate op. 24<br>mit Giulia Bellingeri<\/p>\n\n\n\n<p>20. <strong>Februar 2026<\/strong> 19:30h<\/p>\n\n\n\n<p>Dresden Schauspielhaus<br>Mephisto<br><\/p>\n\n\n\n<p>11. <strong>Januar 2026<\/strong> 18:00h<\/p>\n\n\n\n<p>Neustrelitz Theater<br>Rota Fagottkonzert<br>mit Theo Plath, Rub\u00e9n Dubrovsky <br>Neubrandenburger Philharmonie<\/p>\n\n\n\n<p>9. <strong>Januar 2026<\/strong> 19:30h<\/p>\n\n\n\n<p>G\u00fcstrow Ernst-Barlach Theater<br>Rota Fagottkonzert<br>mit Theo Plath, Rub\u00e9n Dubrovsky <br>Neubrandenburger Philharmonie<\/p>\n\n\n\n<p>8. <strong>Januar 2026<\/strong> 19:30h<\/p>\n\n\n\n<p>Neubrandenburg Konzertkirche<br>Rota Fagottkonzert<br>mit Theo Plath, Rub\u00e9n Dubrovsky <br>Neubrandenburger Philharmonie<\/p>\n\n\n\n<p>23. <strong>Dezember 2025<\/strong> 19:30h<\/p>\n\n\n\n<p>Dresden Schauspielhaus<br>Weill\/Brecht\/Hauptmann<br>Die Dreigroschenoper<br>Regie: Volker L\u00f6sch<\/p>\n\n\n\n<p>19. <strong>Dezember 2025<\/strong> 19:30h<\/p>\n\n\n\n<p>Berlin Spandau MS Goldberg<br><strong>Conversio<\/strong><br>mit Judith Kessler<br>Werke von J.Ch.Bach, Bloch, Gershwin, Koechlin, Debussy, Sch\u00f6nberg, Fanny Mendelssohn-Hensel<\/p>\n\n\n\n<p><a href=\"https:\/\/arnodell.hopto.org\/wordpress\/index.php\/2025\/11\/01\/conversio\/\" data-type=\"post\" data-id=\"315\" target=\"_blank\" rel=\"noreferrer noopener\">mehr dazu<\/a><\/p>\n\n\n\n<p>6. <strong>Dezember 2025<\/strong> 19:30h<\/p>\n\n\n\n<p>Berlin Spandau MS Goldberg<br><strong>Versteckt <\/strong>Ein Abend \u00fcber christliche und muslimische Judenretter<br>mit Judith Kessler<br>Werke von Hindemith, Ravel, Respighi, Saygun, Slavensky, Szymanovski, Valle de Paz, Zadeja<\/p>\n\n\n\n<p><a href=\"https:\/\/arnodell.hopto.org\/wordpress\/index.php\/2025\/11\/01\/conversio\/\" data-type=\"post\" data-id=\"315\" target=\"_blank\" rel=\"noreferrer noopener\">mehr dazu<\/a><\/p>\n\n\n\n<p>7. <strong>November 2025<\/strong> 19:30h<\/p>\n\n\n\n<p>Berlin Spandau MS Goldberg<br><strong>Conversio<\/strong><br>mit Judith Kessler<br>Werke von J.Ch.Bach, Bloch, Gershwin, Koechlin, Debussy, Sch\u00f6nberg, Fanny Mendelssohn-Hensel<\/p>\n\n\n\n<p><a href=\"https:\/\/arnodell.hopto.org\/wordpress\/index.php\/2025\/11\/01\/conversio\/\" data-type=\"post\" data-id=\"315\" target=\"_blank\" rel=\"noreferrer noopener\">mehr dazu<\/a><\/p>\n\n\n\n<p>24. <strong>Oktober 2025<\/strong> 19:30h<\/p>\n\n\n\n<p>Berlin Spandau MS Goldberg<br><strong>Versteckt <\/strong>Ein Abend \u00fcber christliche und muslimische Judenretter<br>mit Judith Kessler<br>Werke von Hindemith, Ravel, Respighi, Saygun, Slavensky, Szymanovski, Valle de Paz, Zadeja<\/p>\n\n\n\n<p><a href=\"https:\/\/arnodell.hopto.org\/wordpress\/index.php\/2025\/11\/01\/conversio\/\" data-type=\"post\" data-id=\"315\" target=\"_blank\" rel=\"noreferrer noopener\">mehr dazu<\/a><\/p>\n\n\n\n<p>8. <strong>November 2024<\/strong> 19:30h<\/p>\n\n\n\n<p>Musiktheater im Revier Gelsenkirchen Kleines Haus<br><strong>Jede Menge Unsterblichkeit<\/strong><br>Gloria Iberl-Thieme, Nora Krahl<br>Baris Pekcagliyan, Stefan Bleidorn, u. v. a.<\/p>\n\n\n\n<p><a href=\"https:\/\/musiktheater-im-revier.de\/de\/performance\/2024-25\/jede-menge-unsterblichkeit\" data-type=\"post\" data-id=\"136\" target=\"_blank\" rel=\"noreferrer noopener\">mehr dazu<\/a><\/p>\n\n\n\n<p>15. <strong>Oktober 2024<\/strong> 20:00h<\/p>\n\n\n\n<p>Prinzregententheater M\u00fcnchen<br><strong>Klaus Maria Brandauer liest<\/strong><br>Heinrich Heine<\/p>\n\n\n\n<p><a href=\"https:\/\/www.bellarte-muenchen.de\/Konzerte\/i\/Klaus-Maria-Brandauer\/1134\" data-type=\"post\" data-id=\"136\" target=\"_blank\" rel=\"noreferrer noopener\">mehr dazu<\/a><\/p>\n\n\n\n<p>28. <strong>September 2024<\/strong> 19:30h<\/p>\n\n\n\n<p>Festhalle Lochau (AT)<br><strong>Alp(t)raum<\/strong><br>theater mutante<\/p>\n\n\n\n<p><a href=\"https:\/\/www.theatermutante.com\/analog-laboratorium-alptraum\" data-type=\"post\" data-id=\"136\" target=\"_blank\" rel=\"noreferrer noopener\">mehr dazu<\/a><\/p>\n\n\n\n<p>27. <strong>September 2024<\/strong> 19:30h<\/p>\n\n\n\n<p>Festhalle Lochau (AT)<br><strong>Kafka-Prolog \/\/ Die Fluten kamen nie zur\u00fcck \/\/ 360<\/strong><br>Texte von Mathias M\u00fcller<br>Film von Michael Salvadori<br>theater mutante<\/p>\n\n\n\n<p><a href=\"https:\/\/www.theatermutante.com\/analog-laboratorium-alptraum\" data-type=\"post\" data-id=\"136\" target=\"_blank\" rel=\"noreferrer noopener\">mehr dazu<\/a><\/p>\n\n\n\n<p>26. <strong>September 2024<\/strong> 19:30h<\/p>\n\n\n\n<p>Festhalle Lochau (AT)<br><strong>Alp(t)raum<\/strong><br>theater mutante<\/p>\n\n\n\n<p><a href=\"https:\/\/www.theatermutante.com\/analog-laboratorium-alptraum\" data-type=\"post\" data-id=\"136\" target=\"_blank\" rel=\"noreferrer noopener\">mehr dazu<\/a><\/p>\n\n\n\n<p>25. <strong>September 2024<\/strong> 19:30h<\/p>\n\n\n\n<p>Festhalle Lochau (AT)<br><strong>Kafka-Prolog \/\/ Die Fluten kamen nie zur\u00fcck \/\/ 360<\/strong><br>Texte von Mathias M\u00fcller<br>Film von Michael Salvadori<br>theater mutante<\/p>\n\n\n\n<p><a href=\"https:\/\/www.theatermutante.com\/analog-laboratorium-alptraum\" data-type=\"post\" data-id=\"136\" target=\"_blank\" rel=\"noreferrer noopener\">mehr dazu<\/a><\/p>\n\n\n\n<p>22. <strong>September 2024<\/strong> 19:30h<\/p>\n\n\n\n<p>Festhalle Lochau (AT)<br><strong>Kafka-Prolog \/\/ Die Fluten kamen nie zur\u00fcck \/\/ 360<\/strong><br>Texte von Mathias M\u00fcller<br>Film von Michael Salvadori<br>theater mutante<\/p>\n\n\n\n<p><a href=\"https:\/\/www.theatermutante.com\/analog-laboratorium-alptraum\" data-type=\"post\" data-id=\"136\" target=\"_blank\" rel=\"noreferrer noopener\">mehr dazu<\/a><\/p>\n\n\n\n<p>21. <strong>September 2024<\/strong> 19:30h<\/p>\n\n\n\n<p>Festhalle Lochau (AT)<br><strong>Alp(t)raum<\/strong><br>theater mutante<\/p>\n\n\n\n<p><a href=\"https:\/\/www.theatermutante.com\/analog-laboratorium-alptraum\" data-type=\"post\" data-id=\"136\" target=\"_blank\" rel=\"noreferrer noopener\">mehr dazu<\/a><\/p>\n\n\n\n<p>20. <strong>September 2024<\/strong> 19:30h &#8211; wegen Krankheit verschoben<\/p>\n\n\n\n<p>Remise Bludenz (AT)<br><strong>Klaus Maria Brandauer liest<\/strong><br>Siegmund Freud<\/p>\n\n\n\n<p><a href=\"https:\/\/laendleticket.com\/alle-events\/-event\/klaus-maria-brandauer-kultur-leben-1\" data-type=\"post\" data-id=\"136\" target=\"_blank\" rel=\"noreferrer noopener\">mehr dazu<\/a><\/p>\n\n\n\n<p><strong>19<\/strong>. <strong>September 2024<\/strong> 19:30h<\/p>\n\n\n\n<p>Festhalle Lochau (AT)<br><strong>Alp(t)raum<\/strong><br>theater mutante<\/p>\n\n\n\n<p><a href=\"https:\/\/www.theatermutante.com\/analog-laboratorium-alptraum\" data-type=\"post\" data-id=\"136\" target=\"_blank\" rel=\"noreferrer noopener\">mehr dazu<\/a><\/p>\n\n\n\n<p><strong>1<\/strong>. <strong>September 2024<\/strong> 11:00h<\/p>\n\n\n\n<p>Kaisersaal Schlo\u00df Corvey<br><strong>Klaus Maria Brandauer liest<\/strong><br>Jean Paul&nbsp;<em>Das Feuerrad einer neuen Milchstra\u00dfe<\/em><br>(ausverkauft)<\/p>\n\n\n\n<p><a href=\"https:\/\/arnodell.hopto.org\/wordpress\/index.php\/2024\/07\/01\/jean-paul-lesung-klaus-maria-brandauer\/\" data-type=\"post\" data-id=\"169\" target=\"_blank\" rel=\"noreferrer noopener\">mehr dazu<\/a><\/p>\n\n\n\n<p><strong>18. April<\/strong> <strong>2023 <\/strong>19:30h<\/p>\n\n\n\n<p>Rosenthaltheater Selb<br><strong>Die Weisse Rose 1. Version<\/strong><br>von Udo Zimmermann, arr. Arno Waschk<br>Regie: Lothar Krause<\/p>\n\n\n\n<p><a href=\"https:\/\/arnodell.hopto.org\/wordpress\/index.php\/2023\/01\/01\/rache-der-fledermaus-hamburg\/\" data-type=\"post\" data-id=\"136\" target=\"_blank\" rel=\"noreferrer noopener\">mehr dazu<\/a><\/p>\n\n\n\n<p><strong>15. April<\/strong> <strong>2023 <\/strong>19:30h<\/p>\n\n\n\n<p>Theater Hof<br><strong>Die Weisse Rose 1. Version<\/strong><br>von Udo Zimmermann, arr. Arno Waschk<br>Regie: Lothar Krause<\/p>\n\n\n\n<p><a href=\"https:\/\/arnodell.hopto.org\/wordpress\/index.php\/2023\/01\/01\/rache-der-fledermaus-hamburg\/\" data-type=\"post\" data-id=\"136\" target=\"_blank\" rel=\"noreferrer noopener\">mehr dazu<\/a><\/p>\n\n\n\n<p><strong>11. M\u00e4rz <\/strong><strong>2023 <\/strong>19:30h<\/p>\n\n\n\n<p>Theater Hof<br><strong>Die Weisse Rose 1. Version<\/strong><br>von Udo Zimmermann, arr. Arno Waschk<br>Regie: Lothar Krause<\/p>\n\n\n\n<p><a href=\"https:\/\/arnodell.hopto.org\/wordpress\/index.php\/2023\/01\/01\/rache-der-fledermaus-hamburg\/\" data-type=\"post\" data-id=\"136\" target=\"_blank\" rel=\"noreferrer noopener\">mehr dazu<\/a><\/p>\n\n\n\n<p><strong>4. M\u00e4rz<\/strong> <strong>2023 <\/strong>19:30h<\/p>\n\n\n\n<p>Theater Hof<br><strong>Die Weisse Rose 1. Version<\/strong><br>von Udo Zimmermann, arr. Arno Waschk<br>Regie: Lothar Krause<\/p>\n\n\n\n<p><a href=\"https:\/\/arnodell.hopto.org\/wordpress\/index.php\/2023\/01\/01\/rache-der-fledermaus-hamburg\/\" data-type=\"post\" data-id=\"136\" target=\"_blank\" rel=\"noreferrer noopener\">mehr dazu<\/a><\/p>\n\n\n\n<p><strong>25. Februar<\/strong> <strong>2023 <\/strong>19:30h<\/p>\n\n\n\n<p>Theater Hof<br><strong>Die Weisse Rose 1. Version<\/strong><br>von Udo Zimmermann, arr. Arno Waschk<br>Regie: Lothar Krause<\/p>\n\n\n\n<p><a href=\"https:\/\/arnodell.hopto.org\/wordpress\/index.php\/2023\/01\/01\/rache-der-fledermaus-hamburg\/\" data-type=\"post\" data-id=\"136\" target=\"_blank\" rel=\"noreferrer noopener\">mehr dazu<\/a><\/p>\n\n\n\n<p><strong>24. Februar<\/strong> <strong>2023 <\/strong>20:00h<\/p>\n\n\n\n<p>Thalia-Theater Hamburg<br><strong>Rache der Fledermaus<\/strong><br>von Johann Strau\u00df, Thomas K\u00f6ck, u. a.<br>Regie: Anna-Sophie Mahler<\/p>\n\n\n\n<p><a href=\"https:\/\/arnodell.hopto.org\/wordpress\/index.php\/2023\/01\/01\/rache-der-fledermaus-hamburg\/\" data-type=\"post\" data-id=\"136\">mehr dazu<\/a><\/p>\n\n\n\n<p><strong>17. Februar<\/strong> <strong>2023 <\/strong>20:00h<\/p>\n\n\n\n<p>Thalia-Theater Hamburg<br><strong>Rache der Fledermaus<\/strong><br>von Johann Strau\u00df, Thomas K\u00f6ck, u. a.<br>Regie: Anna-Sophie Mahler<\/p>\n\n\n\n<p><a href=\"https:\/\/arnodell.hopto.org\/wordpress\/index.php\/2023\/01\/01\/rache-der-fledermaus-hamburg\/\" data-type=\"post\" data-id=\"136\">mehr dazu<\/a><\/p>\n\n\n\n<p><\/p>\n\n\n\n<p><strong>22. Januar<\/strong> <strong>2023 <\/strong>20:00h<\/p>\n\n\n\n<p>Teatre Lliure Barcelona<br><strong>H\u00e4usliche Gewalt &#8211; Domestic Violence<\/strong><br>mit Janet Rothe, Jakob \u00d6hrmann, Makode Linde, Sara Traw\u00f6ger<br>Regie: Markus \u00d6hrn<\/p>\n\n\n\n<p><a href=\"https:\/\/arnodell.hopto.org\/wordpress\/index.php\/2023\/01\/18\/haeusliche-gewalt-domestic-violence\/\" data-type=\"post\" data-id=\"145\" target=\"_blank\" rel=\"noreferrer noopener\">mehr dazu<\/a><\/p>\n\n\n\n<p><strong>21. Januar<\/strong> <strong>2023 <\/strong>20:00h<\/p>\n\n\n\n<p>Teatre Lliure Barcelona<br><strong>H\u00e4usliche Gewalt &#8211; Domestic Violence<\/strong><br>mit Janet Rothe, Jakob \u00d6hrmann, Makode Linde, Sara Traw\u00f6ger<br>Regie: Markus \u00d6hrn<\/p>\n\n\n\n<p><a href=\"https:\/\/arnodell.hopto.org\/wordpress\/index.php\/2023\/01\/18\/haeusliche-gewalt-domestic-violence\/\" data-type=\"post\" data-id=\"145\" target=\"_blank\" rel=\"noreferrer noopener\">mehr dazu<\/a><\/p>\n\n\n\n<p><strong>17. Januar<\/strong> <strong>2023 <\/strong>20:00h<\/p>\n\n\n\n<p>Thalia-Theater Hamburg<br><strong>Rache der Fledermaus<\/strong><br>von Johann Strau\u00df, Thomas K\u00f6ck, u. a.<br>Regie: Anna-Sophie Mahler<\/p>\n\n\n\n<p><a href=\"https:\/\/arnodell.hopto.org\/wordpress\/index.php\/2023\/01\/01\/rache-der-fledermaus-hamburg\/\" data-type=\"post\" data-id=\"136\">mehr dazu<\/a><\/p>\n\n\n\n<p><strong>16. Januar<\/strong> <strong>2023 <\/strong>20:00h<\/p>\n\n\n\n<p>Thalia-Theater Hamburg<br><strong>Rache der Fledermaus<\/strong><br>von Johann Strau\u00df, Thomas K\u00f6ck, u. a.<br>Regie: Anna-Sophie Mahler<\/p>\n\n\n\n<p><a href=\"https:\/\/arnodell.hopto.org\/wordpress\/index.php\/2023\/01\/01\/rache-der-fledermaus-hamburg\/\" data-type=\"post\" data-id=\"136\">mehr dazu<\/a><\/p>\n\n\n\n<p><\/p>\n\n\n\n<p><strong>15. Januar<\/strong> <strong>2023 <\/strong>18:00h<\/p>\n\n\n\n<p>Theater Regensburg<br><strong>Zukunftsmusik<\/strong><br>Theaterst\u00fcck von Anne Jelena Schulte<br>Regie: Antje Thoms<\/p>\n\n\n\n<p><a href=\"https:\/\/arnodell.hopto.org\/wordpress\/index.php\/2022\/09\/29\/zukunftsmusik-regensburg\/\" data-type=\"post\" data-id=\"119\">mehr dazu<\/a><\/p>\n\n\n\n<p><strong>14. Januar<\/strong> <strong>2023 <\/strong>19:30h<\/p>\n\n\n\n<p>Theater Regensburg<br><strong>Zukunftsmusik<\/strong><br>Theaterst\u00fcck von Anne Jelena Schulte<br>Regie: Antje Thoms<\/p>\n\n\n\n<p><a href=\"https:\/\/arnodell.hopto.org\/wordpress\/index.php\/2022\/09\/29\/zukunftsmusik-regensburg\/\" data-type=\"post\" data-id=\"119\">mehr dazu<\/a><\/p>\n\n\n\n<p><strong>13. Januar<\/strong> <strong>2023 <\/strong>19:30h<\/p>\n\n\n\n<p>Theater Regensburg<br><strong>Zukunftsmusik<\/strong><br>Theaterst\u00fcck von Anne Jelena Schulte<br>Regie: Antje Thoms<\/p>\n\n\n\n<p><a href=\"https:\/\/arnodell.hopto.org\/wordpress\/index.php\/2022\/09\/29\/zukunftsmusik-regensburg\/\" data-type=\"post\" data-id=\"119\">mehr dazu<\/a><\/p>\n\n\n\n<p><strong>26. Dezember<\/strong> <strong>2022 <\/strong>19:00h<\/p>\n\n\n\n<p>Thalia-Theater Hamburg<br><strong>Rache der Fledermaus<\/strong><br>von Johann Strau\u00df, Thomas K\u00f6ck, u. a.<br>Regie: Anna-Sophie Mahler<\/p>\n\n\n\n<p><a href=\"https:\/\/arnodell.hopto.org\/wordpress\/index.php\/2023\/01\/01\/rache-der-fledermaus-hamburg\/\" data-type=\"post\" data-id=\"136\">mehr dazu<\/a><\/p>\n\n\n\n<p><strong>15. Dezember<\/strong> <strong>2022 <\/strong>20:00h (abgesagt)<\/p>\n\n\n\n<p>Thalia-Theater Hamburg<br><strong>Rache der Fledermaus<\/strong><br>von Johann Strau\u00df, Thomas K\u00f6ck, u. a.<br>Regie: Anna-Sophie Mahler<\/p>\n\n\n\n<p><a href=\"https:\/\/arnodell.hopto.org\/wordpress\/index.php\/2023\/01\/01\/rache-der-fledermaus-hamburg\/\" data-type=\"post\" data-id=\"136\">mehr dazu<\/a><\/p>\n\n\n\n<p><strong>11. Dezember<\/strong> <strong>2022 <\/strong>20:00h (abgesagt)<\/p>\n\n\n\n<p>Thalia-Theater Hamburg<br><strong>Rache der Fledermaus<\/strong><br>von Johann Strau\u00df, Thomas K\u00f6ck, u. a.<br>Regie: Anna-Sophie Mahler<\/p>\n\n\n\n<p><a href=\"https:\/\/arnodell.hopto.org\/wordpress\/index.php\/2023\/01\/01\/rache-der-fledermaus-hamburg\/\" data-type=\"post\" data-id=\"136\">mehr dazu<\/a><\/p>\n\n\n\n<p><strong>4. Dezember<\/strong> <strong>2022 <\/strong>20:00h<\/p>\n\n\n\n<p>Thalia-Theater Hamburg<br><strong>Rache der Fledermaus<\/strong><br>von Johann Strau\u00df, Thomas K\u00f6ck, u. a.<br>Regie: Anna-Sophie Mahler<\/p>\n\n\n\n<p><a href=\"https:\/\/arnodell.hopto.org\/wordpress\/index.php\/2023\/01\/01\/rache-der-fledermaus-hamburg\/\" data-type=\"post\" data-id=\"136\">mehr dazu<\/a><\/p>\n\n\n\n<p><strong>25. November<\/strong> <strong>2022 <\/strong>20:00h<\/p>\n\n\n\n<p>Thalia-Theater Hamburg<br><strong>Rache der Fledermaus<\/strong><br>von Johann Strau\u00df, Thomas K\u00f6ck, u. a.<br>Regie: Anna-Sophie Mahler<\/p>\n\n\n\n<p><a href=\"https:\/\/arnodell.hopto.org\/wordpress\/index.php\/2023\/01\/01\/rache-der-fledermaus-hamburg\/\" data-type=\"post\" data-id=\"136\">mehr dazu<\/a><\/p>\n\n\n\n<p><strong>24. November<\/strong> <strong>2022 <\/strong>20:00h<\/p>\n\n\n\n<p>Thalia-Theater Hamburg<br><strong>Rache der Fledermaus<\/strong><br>von Johann Strau\u00df, Thomas K\u00f6ck, u. a.<br>Regie: Anna-Sophie Mahler<\/p>\n\n\n\n<p><a href=\"https:\/\/arnodell.hopto.org\/wordpress\/index.php\/2023\/01\/01\/rache-der-fledermaus-hamburg\/\" data-type=\"post\" data-id=\"136\">mehr dazu<\/a><\/p>\n\n\n\n<p><\/p>\n\n\n\n<p><strong>6. Oktober<\/strong> <strong>2022 <\/strong>19:30h<\/p>\n\n\n\n<p>Theater Regensburg<br><strong>Zukunftsmusik<\/strong><br>Theaterst\u00fcck von Anne Jelena Schulte<br>Regie: Antje Thoms<\/p>\n\n\n\n<p><a href=\"https:\/\/arnodell.hopto.org\/wordpress\/index.php\/2022\/09\/29\/zukunftsmusik-regensburg\/\" data-type=\"post\" data-id=\"119\">mehr dazu<\/a><\/p>\n\n\n\n<p class=\"has-medium-font-size\"><\/p>\n\n\n\n<p><strong>4. Oktober<\/strong> <strong>2022 <\/strong>19:30h<\/p>\n\n\n\n<p>Theater Regensburg<br><strong>Zukunftsmusik<\/strong><br>Theaterst\u00fcck von Anne Jelena Schulte<br>Regie: Antje Thoms<\/p>\n\n\n\n<p><a href=\"https:\/\/arnodell.hopto.org\/wordpress\/index.php\/2022\/09\/29\/zukunftsmusik-regensburg\/\" data-type=\"post\" data-id=\"119\">mehr dazu<\/a><\/p>\n\n\n\n<p class=\"has-medium-font-size\"><\/p>\n\n\n\n<p><strong>2. Oktober<\/strong> <strong>2022 <\/strong>18:00h<\/p>\n\n\n\n<p>Theater Regensburg<br><strong>Zukunftsmusik<\/strong><br>Theaterst\u00fcck von Anne Jelena Schulte<br>Regie: Antje Thoms<\/p>\n\n\n\n<p><a href=\"https:\/\/arnodell.hopto.org\/wordpress\/index.php\/2022\/09\/29\/zukunftsmusik-regensburg\/\" data-type=\"post\" data-id=\"119\">mehr dazu<\/a><\/p>\n\n\n\n<p class=\"has-medium-font-size\"><\/p>\n\n\n\n<p><strong>1. Oktober<\/strong> <strong>2022 <\/strong>19:30h<\/p>\n\n\n\n<p>Theater Regensburg<br><strong>Zukunftsmusik<\/strong><br>Theaterst\u00fcck von Anne Jelena Schulte<br>Regie: Antje Thoms<\/p>\n\n\n\n<p><a href=\"https:\/\/arnodell.hopto.org\/wordpress\/index.php\/2022\/09\/29\/zukunftsmusik-regensburg\/\" data-type=\"post\" data-id=\"119\">mehr dazu<\/a><\/p>\n\n\n\n<p class=\"has-medium-font-size\"><\/p>\n\n\n\n<p><strong>29. September<\/strong> <strong>2022 <\/strong>19:30h<\/p>\n\n\n\n<p>Theater Regensburg<br><strong>Zukunftsmusik<\/strong><br>Theaterst\u00fcck von Anne Jelena Schulte<br>Regie: Antje Thoms<\/p>\n\n\n\n<p><a href=\"https:\/\/arnodell.hopto.org\/wordpress\/index.php\/2022\/09\/29\/zukunftsmusik-regensburg\/\" data-type=\"post\" data-id=\"119\">mehr dazu<\/a><\/p>\n\n\n\n<p class=\"has-medium-font-size\"><\/p>\n\n\n\n<p><strong>27. September<\/strong> <strong>2022 <\/strong>19:30h<\/p>\n\n\n\n<p>Theater Regensburg<br><strong>Zukunftsmusik<\/strong><br>Theaterst\u00fcck von Anne Jelena Schulte<br>Regie: Antje Thoms<\/p>\n\n\n\n<p><a href=\"https:\/\/arnodell.hopto.org\/wordpress\/index.php\/2022\/09\/29\/zukunftsmusik-regensburg\/\" data-type=\"post\" data-id=\"119\">mehr dazu<\/a><\/p>\n\n\n\n<p class=\"has-medium-font-size\"><\/p>\n\n\n\n<p><strong>23. September<\/strong> <strong>2022 <\/strong>19:30h<\/p>\n\n\n\n<p>Theater Regensburg<br><strong>Zukunftsmusik<\/strong><br>Theaterst\u00fcck von Anne Jelena Schulte<br>Regie: Antje Thoms<\/p>\n\n\n\n<p><\/p>\n\n\n\n<p><strong>20. September<\/strong> <strong>2022 <\/strong>00:10h<\/p>\n\n\n\n<p>Radio Bayern 2<br><strong>Ambivalenz<\/strong> <br>von Eva Sindichakis<br>mit Julia Rebekka Mai, Viola<\/p>\n\n\n\n<p><a href=\"https:\/\/arnodell.hopto.org\/wordpress\/index.php\/2022\/08\/19\/korngold-lesung-klaus-maria-brandauer\/\" data-type=\"post\" data-id=\"109\">mehr dazu<\/a><\/p>\n\n\n\n<p><\/p>\n\n\n\n<p><strong>13. August<\/strong> <strong>2022 <\/strong>19:30h<\/p>\n\n\n\n<p>Salzkammergut Festival Gmunden<br><strong>Erich Wolfgang Korngold<\/strong> <br>Lesung Klaus Maria Braundauer<br>Klavierwerke von Korngold<\/p>\n\n\n\n<p><a href=\"https:\/\/arnodell.hopto.org\/wordpress\/index.php\/2022\/08\/19\/korngold-lesung-klaus-maria-brandauer\/\" data-type=\"post\" data-id=\"109\">mehr dazu<\/a><\/p>\n\n\n\n<p><\/p>\n\n\n\n<p><\/p>\n","protected":false},"excerpt":{"rendered":"<p>16. M\u00e4rz 2026 20:00h Wien BurgtheaterStefan Zweig: Brennendes Geheimnismit Klaus Maria Brandauer mehr dazu 8. M\u00e4rz 2026 16:00h Berlin Kirche zum HeilsbronnenFr\u00fchling &#8211; Fr\u00fchlingssonateBeethoven Violinsonate &hellip; <\/p>\n","protected":false},"author":1,"featured_media":0,"parent":0,"menu_order":0,"comment_status":"closed","ping_status":"closed","template":"","meta":{"footnotes":""},"class_list":["post-57","page","type-page","status-publish","hentry"],"_links":{"self":[{"href":"https:\/\/arnodell.hopto.org\/wordpress\/index.php\/wp-json\/wp\/v2\/pages\/57","targetHints":{"allow":["GET"]}}],"collection":[{"href":"https:\/\/arnodell.hopto.org\/wordpress\/index.php\/wp-json\/wp\/v2\/pages"}],"about":[{"href":"https:\/\/arnodell.hopto.org\/wordpress\/index.php\/wp-json\/wp\/v2\/types\/page"}],"author":[{"embeddable":true,"href":"https:\/\/arnodell.hopto.org\/wordpress\/index.php\/wp-json\/wp\/v2\/users\/1"}],"replies":[{"embeddable":true,"href":"https:\/\/arnodell.hopto.org\/wordpress\/index.php\/wp-json\/wp\/v2\/comments?post=57"}],"version-history":[{"count":29,"href":"https:\/\/arnodell.hopto.org\/wordpress\/index.php\/wp-json\/wp\/v2\/pages\/57\/revisions"}],"predecessor-version":[{"id":340,"href":"https:\/\/arnodell.hopto.org\/wordpress\/index.php\/wp-json\/wp\/v2\/pages\/57\/revisions\/340"}],"wp:attachment":[{"href":"https:\/\/arnodell.hopto.org\/wordpress\/index.php\/wp-json\/wp\/v2\/media?parent=57"}],"curies":[{"name":"wp","href":"https:\/\/api.w.org\/{rel}","templated":true}]}}